{"id":8262,"date":"2018-09-09T21:47:35","date_gmt":"2018-09-09T14:47:35","guid":{"rendered":"https:\/\/alibabaenglishclub.blog\/?page_id=8262"},"modified":"2021-03-12T11:56:43","modified_gmt":"2021-03-12T04:56:43","slug":"khoa-hoc-toeic-flyer-700","status":"publish","type":"page","link":"https:\/\/truonganhngu.mauthemewp.com\/?page_id=8262","title":{"rendered":"Kh\u00f3a H\u1ecdc Toeic Flyer 700+"},"content":{"rendered":"<p style=\"text-align: center;\"><span style=\"font-size: 110%; color: #000000;\"><strong>H\u1eccC VI\u1ec6N ANH NG\u1eee V\u1ec0<br \/><\/strong><\/span><span style=\"font-size: 110%; color: #000000;\"><strong>\u0110\u00c0O T\u1ea0O K\u1ef8 N\u0102NG V\u00c0 TI\u1ebeNG ANH GIAO TI\u1ebeP CHO SINH VI\u00caN!<\/strong><\/span><\/p>\n<p style=\"text-align: center;\"><iframe loading=\"lazy\" src=\"https:\/\/www.youtube.com\/embed\/MaeclJGoNqo\" width=\"560\" height=\"315\" frameborder=\"0\" allowfullscreen=\"allowfullscreen\" data-mce-fragment=\"1\"><\/iframe><\/p>\n<p style=\"text-align: center;\"><em>VTV1 N\u00d3I G\u00cc V\u1ec0 ALIBABA<\/em><\/p>\n<h2><span style=\"color: #000000; font-size: 80%;\"><strong>\u25baKHO\u00c1 H\u1eccC TOEIC FLYER 700+ &#8211; C\u00d9NG M\u1ee8C H\u1eccC PH\u00cd PH\u00d9 H\u1ee2P CHO SINH VI\u00caN T\u1ea0I H\u00c0 N\u1ed8I !<\/strong><\/span><\/h2>\n<p><span style=\"color: #000000;\">Kh\u00f3a luy\u1ec7n thi TOEIC \u0111\u01b0\u1ee3c thi\u1ebft k\u1ebf nh\u1eb1m ph\u00e1t tri\u1ec3n kh\u1ea3 n\u0103ng ti\u1ebfng Anh v\u00e0 gi\u00fap h\u1ecdc vi\u00ean n\u00e2ng cao \u0111i\u1ec3m thi TOEIC. K\u1ebft th\u00fac kh\u00f3a h\u1ecdc, h\u1ecdc vi\u00ean c\u00f3 th\u1ec3 \u0111\u1ea1t \u0111i\u1ec3m Toeic 700+.<\/span><\/p>\n<p><span style=\"color: #000000;\"><strong>+ Ng\u1eef ph\u00e1p:<\/strong>\u00a0C\u1ee7ng c\u1ed1 ki\u1ebfn th\u1ee9c ng\u1eef ph\u00e1p <strong>th\u01b0\u1eddng g\u1eb7p<\/strong>\u00a0trong b\u00e0i thi TOEIC<\/span><br \/><span style=\"color: #000000;\"><strong>+ T\u1eeb v\u1ef1ng:<\/strong>\u00a0N\u00e2ng cao v\u1ed1n t\u1eeb v\u1ef1ng v\u1ec1 c\u00e1c ch\u1ee7 \u0111\u1ec1 th\u01b0\u1eddng g\u1eb7p trong b\u00e0i thi TOEIC<br \/><\/span><span style=\"color: #000000;\">+ <strong>12 bu\u1ed5i Reading<\/strong> v\u00e0 <strong>12 bu\u1ed5i Listening<\/strong> h\u1ecdc song song \u0111\u1ec3 b\u1ed5 tr\u1ee3 ki\u1ebfn th\u1ee9c nhanh ch\u00f3ng.<br \/><\/span><span style=\"color: #000000;\">+ Hi\u1ec3u r\u00f5 c\u1ea5u tr\u00fac b\u00e0i thi TOEIC v\u1edbi gi\u00e1o tr\u00ecnh \u0111\u01b0\u1ee3c ALITIC bi\u00ean so\u1ea1n t\u1eeb gi\u00e1o tr\u00ecnh theo fomat m\u1edbi 2020.<\/span><br \/><span style=\"color: #000000;\">+ H\u1ecdc c\u00e1ch ph\u00e2n t\u00edch y\u00eau c\u1ea7u t\u1eebng th\u00e0nh ph\u1ea7n c\u1ee7a b\u00e0i thi TOEIC r\u00f5 r\u00e0ng v\u00e0 ch\u1eafc ch\u1eafn.<\/span><br \/><span style=\"color: #000000;\">+ Luy\u1ec7n t\u1eadp c\u00e1c chi\u1ebfn l\u01b0\u1ee3c l\u00e0m b\u00e0i thi TOEIC hi\u1ec7u qu\u1ea3.<\/span><br \/><span style=\"color: #000000;\">+ C\u00e1c TIP c\u1ef1c hay nh\u1eb1m \u0111\u1ea1t \u0111i\u1ec3m t\u1ed1i \u0111a trong c\u1ea3 2 ph\u1ea7n<strong> Reading &amp; Listening <\/strong>\u0111\u01b0\u1ee3c nghi\u00ean c\u1ee9u v\u00e0 ph\u00e1t tri\u1ec3n v\u1edbi ALITIC.<\/span><\/p>\n<h2 style=\"text-align: left;\">\u00a0 \u00a0 \u00a0 \u00a0 \u00a0 \u00a0 \u00a0<iframe loading=\"lazy\" src=\"https:\/\/www.youtube.com\/embed\/jfoddGtgRxU\" width=\"560\" height=\"315\" frameborder=\"0\" allowfullscreen=\"allowfullscreen\"><\/iframe><\/h2>\n<h2><span style=\"font-size: 80%;\"><strong><span style=\"color: #000000;\">\u25baTH\u1edcI L\u01af\u1ee2NG KH\u00d3A H\u1eccC TOEIC<\/span><\/strong><\/span><\/h2>\n<p><span style=\"color: #000000; font-size: 100%;\"> -&gt; <strong>24<\/strong>\u00a0bu\u1ed5i h\u1ecdc ch\u00ednh \u2013 2h\/bu\u1ed5i h\u1ecdc<\/span><br \/><span style=\"color: #000000; font-size: 100%;\"> -&gt; 1 tu\u1ea7n h\u1ecdc 2 bu\u1ed5i <strong>2,5; 3,6 ho\u1eb7c 4,Ch\u1ee7 nh\u1eadt<\/strong><\/span><br \/><span style=\"color: #000000; font-size: 100%;\"> -&gt; H\u1ecdc vi\u00ean \u0111\u01b0\u1ee3c h\u1ecdc b\u00f9, chuy\u1ec3n l\u1edbp n\u1ebfu trong qu\u00e1 tr\u00ecnh h\u1ecdc c\u00f3 v\u01b0\u1edbng b\u1eadn v\u1ec1 th\u1eddi gian, Alibaba s\u1ebd lu\u00f4n t\u1ea1o \u0111i\u1ec1u ki\u1ec7n \u0111\u1ec3 h\u1ecdc vi\u00ean ho\u00e0n th\u00e0nh h\u1ebft kho\u00e1 h\u1ecdc.<\/span><br \/><span style=\"color: #000000; font-size: 100%;\"> -&gt; H\u1ecdc vi\u00ean \u0111\u01b0\u1ee3c c\u1ea5p ch\u1ee9ng ch\u1ec9 c\u1ee7a H\u1ecdc Vi\u1ec7n Anh Ng\u1eef, \u0111\u01b0\u1ee3c c\u00f4ng nh\u1eadn \u1edf nhi\u1ec1u doanh nghi\u1ec7p!<\/span><\/p>\n<h2><span style=\"font-size: 80%;\"><strong><span style=\"color: #000000;\">\u25baK\u1ebeT QU\u1ea2 H\u1eccC VI\u00caN<img decoding=\"async\" loading=\"lazy\" class=\"size-medium wp-image-17953 aligncenter\" src=\"https:\/\/khachhang.webrt.vn\/phong\/ali\/wp-content\/uploads\/2020\/09\/Phan-Quo\u0302\u0301c-Ba\u0309o-ATG05-772x400.jpeg\" alt=\"\" width=\"772\" height=\"400\" srcset=\"https:\/\/truonganhngu.mauthemewp.com\/wp-content\/uploads\/2020\/09\/Phan-Quo\u0302\u0301c-Ba\u0309o-ATG05-772x400.jpeg 772w, https:\/\/truonganhngu.mauthemewp.com\/wp-content\/uploads\/2020\/09\/Phan-Quo\u0302\u0301c-Ba\u0309o-ATG05-768x398.jpeg 768w, https:\/\/truonganhngu.mauthemewp.com\/wp-content\/uploads\/2020\/09\/Phan-Quo\u0302\u0301c-Ba\u0309o-ATG05-1400x725.jpeg 1400w\" sizes=\"(max-width: 772px) 100vw, 772px\" \/><\/span><\/strong><\/span><\/h2>\n<h2><span style=\"font-size: 80%;\"><strong><span style=\"color: #000000;\">\u25baH\u1eccC PH\u00cd KH\u00d3A H\u1eccC TOEIC<\/span><\/strong><\/span><\/h2>\n<p><span style=\"color: #000000;\">+ H\u1ecdc ph\u00ed kh\u00f3a h\u1ecdc s\u1ebd l\u00e0<\/span><strong><span style=\"color: #ed1c24; font-size: 110%;\"> 2.500.000\u0111<\/span><\/strong><span style=\"color: #000000;\"><strong>,\u00a0<\/strong>nh\u01b0ng s\u1ebd \u0111\u01b0\u1ee3c \u01b0u \u0111\u00e3i khi \u0111\u0103ng k\u00ed ngay trong ng\u00e0y ra m\u1eaft kh\u00f3a h\u1ecdc. C\u1ee5 th\u1ec3:<\/span><span style=\"color: #282828;\"><br \/><\/span><\/p>\n<p><span style=\"color: #282828;\"><strong>-&gt; GI\u1ea2M TI\u1ebeP NGAY:<br \/><\/strong><strong>\u2013 150K<\/strong>\/nh\u00f3m n\u1ebfu \u0111\u0103ng k\u00fd theo nh\u00f3m 3 ng\u01b0\u1eddi.<\/span><br \/><span style=\"color: #282828;\"> \u2013\u00a0<strong>300K<\/strong>\/nh\u00f3m n\u1ebfu \u0111\u0103ng k\u00fd theo nh\u00f3m 4 ng\u01b0\u1eddi.<\/span><br \/><span style=\"color: #282828;\"> \u2013\u00a0<strong>500K<\/strong>\/nh\u00f3m n\u1ebfu \u0111\u0103ng k\u00fd theo nh\u00f3m 5 ng\u01b0\u1eddi tr\u1edf l\u00ean.<\/span><\/p>\n<h2><span style=\"font-size: 80%;\"><strong><span style=\"color: #000000;\">\u25baV\u1ec0 KH\u00d3A H\u1eccC TOEIC<\/span><\/strong><\/span><\/h2>\n<p><span style=\"color: #000000;\">+ Tr\u01b0\u1edbc khi b\u1eaft \u0111\u1ea7u h\u1ecdc kh\u00f3a TOEIC, Alitic s\u1ebd cho b\u1ea1n b\u00e0i TEST ki\u1ec3m tra tr\u00ecnh \u0111\u1ed9 hi\u1ec7n t\u1ea1i nh\u1eb1m \u0111\u01b0a ra c\u00e1c ph\u01b0\u01a1ng ph\u00e1p h\u1ecdc ph\u00f9 h\u1ee3p sao cho b\u1ea1n \u0111\u1ea1t \u0111\u01b0\u1ee3c \u0111i\u1ec3m s\u1ed1 mong mu\u1ed1n trong k\u1ef3 thi.<\/span><br \/><span style=\"color: #ed1c24;\">+ C\u00e1c b\u1ea1n c\u00f3 th\u1ec3 \u0111\u1ea1t \u0111\u01b0\u1ee3c \u0111i\u1ec3m s\u1ed1 Toeic 700+, v\u00e0 n\u1ebfu nh\u01b0 kh\u00f4ng \u0111\u1ea1t \u0111\u01b0\u1ee3c, Alitic s\u1ebd h\u1ed7 tr\u1ee3 b\u1ea1n h\u1ecdc l\u1ea1i cho \u0111\u1ebfn khi thi \u0111\u1ea1t \u0111\u01b0\u1ee3c TOEIC 700+.<\/span><\/p>\n<h2><span style=\"font-size: 80%;\"><strong><span style=\"color: #000000;\">\u25ba\u0110\u1ed8I NG\u0168 GI\u1ea2NG VI\u00caN KH\u00d3A TOEIC<\/span><\/strong><\/span><\/h2>\n<p><span style=\"color: #000000;\">+ \u0110\u1ed9i ng\u0169 gi\u1ea3ng vi\u00ean gi\u00e0u kinh nghi\u1ec7m v\u00e0 c\u00f3 chuy\u00ean m\u00f4n cao v\u1edbi b\u1eb1ng TOEIC \u0111\u1ea1t t\u1ed1i thi\u1ec3u <strong><span style=\"font-size: 105%; color: #ed1c24;\">950+<\/span><\/strong> s\u1ebd l\u00e0 nh\u1eefng ng\u01b0\u1eddi h\u01b0\u1edbng d\u1eabn tuy\u1ec7t v\u1eddi cho c\u00e1c b\u1ea1n h\u1ecdc vi\u00ean.<\/span><\/p>\n<p><span style=\"color: #282828;\">+ V\u1edbi <span style=\"color: #ed1c24;\">\u00a0Gi\u1ea3ng Vi\u00ean, Tr\u1ee3 Gi\u1ea3ng<\/span>\u00a0v\u00e0 ch\u1ec9 <span style=\"color: #ed1c24;\">25 h\u1ecdc vi\u00ean\/l\u1edbp.<\/span> H\u1ecdc vi\u00ean s\u1ebd \u0111\u01b0\u1ee3c h\u1ed7 tr\u1ee3 s\u00e1t sao.<\/span><\/p>\n<p><span style=\"color: #000000; font-size: inherit;\">+ Nhi\u1ec7t t\u00ecnh v\u00e0 theo d\u00f5i s\u00e1t sao c\u0169ng nh\u01b0 \u0111\u1ed3ng h\u00e0nh c\u00f9ng v\u1edbi b\u1ea1n \u0111\u1ebfn khi xong kh\u00f3a h\u1ecdc v\u00e0 t\u01b0 v\u1ea5n cho b\u1ea1n khi b\u1eaft \u0111\u1ea7u \u0111\u0103ng k\u00ed thi TOEIC.<\/span><\/p>\n<p><img decoding=\"async\" loading=\"lazy\" class=\" wp-image-18029 aligncenter\" src=\"https:\/\/khachhang.webrt.vn\/phong\/ali\/wp-content\/uploads\/2020\/09\/IMG_1226-1-661x400.jpg\" alt=\"\" width=\"577\" height=\"349\" srcset=\"https:\/\/truonganhngu.mauthemewp.com\/wp-content\/uploads\/2020\/09\/IMG_1226-1-661x400.jpg 661w, https:\/\/truonganhngu.mauthemewp.com\/wp-content\/uploads\/2020\/09\/IMG_1226-1-768x465.jpg 768w, https:\/\/truonganhngu.mauthemewp.com\/wp-content\/uploads\/2020\/09\/IMG_1226-1-1322x800.jpg 1322w, https:\/\/truonganhngu.mauthemewp.com\/wp-content\/uploads\/2020\/09\/IMG_1226-1.jpg 1932w\" sizes=\"(max-width: 577px) 100vw, 577px\" \/><\/p>\n<h2><span style=\"font-size: 80%;\"><strong><span style=\"color: #000000;\">\u25baTH\u01af\u1edeNG KHI \u0110\u1ea0T M\u1ed0C \u0110I\u1ec2M TRONG KH\u00d3A H\u1eccC TOEIC<\/span><\/strong><\/span><\/h2>\n<p>+ Nh\u1eb1m khuy\u1ebfn kh\u00edch tinh th\u1ea7n h\u1ecdc t\u1eadp c\u1ee7a b\u1ea1n Alitic xin t\u1eb7ng b\u1ea1n ph\u1ea7n th\u01b0\u1edfng ngay khi \u0111\u1ea1t \u0111\u01b0\u1ee3c c\u00e1c m\u1ed1c \u0111i\u1ec3m nh\u1ea5t \u0111\u1ecbnh.\u00a0C\u1ee5 th\u1ec3:<br \/><span style=\"color: #ed1c24;\"><strong>+\u00a0Th\u01b0\u1edfng ngay 200.000 khi \u0111\u1ea1t \u0111\u01b0\u1ee3c m\u1ed1c \u0111i\u1ec3m 700+<br \/><\/strong><strong>+\u00a0Th\u01b0\u1edfng ngay 300.000 khi \u0111\u1ea1t \u0111\u01b0\u1ee3c m\u1ed1c \u0111i\u1ec3m 800+<br \/><\/strong><strong>+\u00a0Th\u01b0\u1edfng ngay 400.000 khi \u0111\u1ea1t \u0111\u01b0\u1ee3c m\u1ed1c \u0111i\u1ec3m 850+<\/strong><\/span><\/p>\n<p><span style=\"color: #000000;\"><strong>\u25ba Sau khi \u0111\u0103ng k\u00fd, ALITIC s\u1ebd li\u00ean h\u1ec7 test \u0111\u1ea7u v\u00e0o x\u1ebfp l\u1edbp cho b\u1ea1n nh\u00e9 \u00a0^^<\/strong><\/span><\/p>\n<p><span style=\"color: #000000;\"><strong>\u25baC\u00c1CH HO\u00c0N TH\u00c0NH H\u1eccC PH\u00cd:<\/strong><\/span><\/p>\n<p><span style=\"color: #000000;\"><strong>1: Tr\u1ef1c ti\u1ebfp:<br \/><\/strong><\/span><span style=\"font-size: 90%;\"><span style=\"color: #000000;\"><span style=\"color: #282828;\">C\u00e1c b\u1ea1n c\u00f3 th\u1ec3 qua v\u0103n ph\u00f2ng c\u1ee7a ALIBABA t\u1ea1i t\u1ea7ng\u00a0<strong>5 s\u1ed1 186 \u0111\u01b0\u1eddng Gi\u1ea3i Ph\u00f3ng<\/strong>\u00a0ho\u1eb7c s\u1ed1 <strong>1 Ng\u00f5 243 Tr\u1ea7n Qu\u1ed1c Ho\u00e0n<\/strong>\u00a0<strong>&#8211; C\u1ea7u Gi\u1ea5y<\/strong> \u0111\u1ec3 gi\u1eef ch\u1ed7 v\u00e0 \u0111\u01b0\u1ee3c t\u01b0 v\u1ea5n mi\u1ec5n ph\u00ed.<\/span><\/span><\/span><br \/><span style=\"color: #000000;\"><strong>2: Chuy\u1ec3n Kho\u1ea3n:<br \/><\/strong>T\u00ean Ch\u1ee7 TK:<strong>\u00a0DINH THI LY<\/strong>\u00a0\u2013 NG\u00c2N H\u00c0NG <strong>TP BANK<\/strong><br \/>STK: 03142609001\u00a0 \u2013 Chi nh\u00e1nh H\u00e0 N\u1ed9i<br \/>N\u1ed9i dung Chuy\u1ec3n Kho\u1ea3n: <strong>T\u00caN + L\u1edaP + S\u0110T<\/strong><br \/><\/span><\/p>\n<p><span style=\"color: #000000;\"><strong>\u00a0\u2014\u2014\u2014\u2014\u2014\u2014\u2013<\/strong><\/span><\/p>\n<p><span style=\"color: #000000;\">\u25ba<strong> LI\u00caN H\u1ec6 V\u1edaI CH\u00daNG T\u00d4I:<\/strong><\/span><br \/><span style=\"color: #000000;\">Hotline<strong>: 02422391999\u00a0<\/strong>t\u1eeb\u00a0<strong>8h00 \u0111\u1ebfn 21h00 th\u1ee9 2 -&gt; th\u1ee9 7\u00a0<\/strong>h\u00e0ng tu\u1ea7n<\/span><br \/><span style=\"color: #0000ff;\"><strong>&gt;&gt;&gt;<a style=\"color: #0000ff;\" href=\"https:\/\/www.facebook.com\/groups\/AlibabaEnglishClub\/\"> Tham Gia c\u1ed9ng \u0111\u1ed3ng ALIBABA v\u1edbi 60 ngh\u00ecn th\u00e0nh vi\u00ean tr\u00ean FACEBOOK\u00a0 \u0111\u1ec3 nh\u1eadn nh\u1eefng ngu\u1ed3n t\u00e0i li\u1ec7u ti\u1ebfng Anh h\u1eefu \u00edch nh\u00e9 !\u00a0<\/a><\/strong><\/span><\/p>\n<p><span style=\"color: #000000;\"><strong>\u25baC\u00c1C B\u1ea0N \u0110\u0102NG K\u00dd V\u00c0 CH\u1eccN L\u1edaP \u1ede \u0110\u00c2Y \u1ea0<\/strong><\/span><\/p>\n\n\n<iframe src=\"https:\/\/alibaba.eduto.net\/pages\/registers\/dang-ki-khoa-hoc-toeic-flyer?page_type=iframe\" style=\"width:100%!important;height:800px!important;border: none!important;\" title=\"\u0110\u0103ng k\u00ed kh\u00f3a h\u1ecdc TOEIC FLYER\">\n<\/iframe>\n","protected":false},"excerpt":{"rendered":"<p>H\u1eccC VI\u1ec6N ANH NG\u1eee V\u1ec0\u0110\u00c0O T\u1ea0O K\u1ef8 N\u0102NG V\u00c0 TI\u1ebeNG ANH GIAO TI\u1ebeP CHO SINH VI\u00caN! VTV1 N\u00d3I G\u00cc V\u1ec0 ALIBABA \u25baKHO\u00c1 H\u1eccC TOEIC FLYER 700+ &#8211; C\u00d9NG M\u1ee8C H\u1eccC PH\u00cd PH\u00d9 H\u1ee2P CHO SINH VI\u00caN T\u1ea0I H\u00c0 N\u1ed8I ! Kh\u00f3a luy\u1ec7n thi TOEIC \u0111\u01b0\u1ee3c thi\u1ebft k\u1ebf nh\u1eb1m ph\u00e1t tri\u1ec3n kh\u1ea3 n\u0103ng ti\u1ebfng Anh v\u00e0 [&#8230;]\n","protected":false},"author":2,"featured_media":0,"parent":0,"menu_order":0,"comment_status":"closed","ping_status":"closed","template":"page-right-sidebar.php","meta":[],"yst_prominent_words":[],"_links":{"self":[{"href":"https:\/\/truonganhngu.mauthemewp.com\/index.php?rest_route=\/wp\/v2\/pages\/8262"}],"collection":[{"href":"https:\/\/truonganhngu.mauthemewp.com\/index.php?rest_route=\/wp\/v2\/pages"}],"about":[{"href":"https:\/\/truonganhngu.mauthemewp.com\/index.php?rest_route=\/wp\/v2\/types\/page"}],"author":[{"embeddable":true,"href":"https:\/\/truonganhngu.mauthemewp.com\/index.php?rest_route=\/wp\/v2\/users\/2"}],"replies":[{"embeddable":true,"href":"https:\/\/truonganhngu.mauthemewp.com\/index.php?rest_route=%2Fwp%2Fv2%2Fcomments&post=8262"}],"version-history":[{"count":17,"href":"https:\/\/truonganhngu.mauthemewp.com\/index.php?rest_route=\/wp\/v2\/pages\/8262\/revisions"}],"predecessor-version":[{"id":21108,"href":"https:\/\/truonganhngu.mauthemewp.com\/index.php?rest_route=\/wp\/v2\/pages\/8262\/revisions\/21108"}],"wp:attachment":[{"href":"https:\/\/truonganhngu.mauthemewp.com\/index.php?rest_route=%2Fwp%2Fv2%2Fmedia&parent=8262"}],"wp:term":[{"taxonomy":"yst_prominent_words","embeddable":true,"href":"https:\/\/truonganhngu.mauthemewp.com\/index.php?rest_route=%2Fwp%2Fv2%2Fyst_prominent_words&post=8262"}],"curies":[{"name":"wp","href":"https:\/\/api.w.org\/{rel}","templated":true}]}}