{"id":17969,"date":"2020-09-05T11:17:55","date_gmt":"2020-09-05T04:17:55","guid":{"rendered":"https:\/\/khachhang.webrt.vn\/phong\/ali\/?page_id=17969"},"modified":"2021-03-22T09:16:47","modified_gmt":"2021-03-22T02:16:47","slug":"khoa-pre-toeic-350","status":"publish","type":"page","link":"https:\/\/truonganhngu.mauthemewp.com\/?page_id=17969","title":{"rendered":"Kh\u00f3a Pre Toeic 350+"},"content":{"rendered":"<h1 style=\"text-align: center;\"><span style=\"color: #000000;\"><span style=\"font-size: 24.48px;\"><b>ALITIC &#8211; H\u1eccC L\u00c0 QUA TOEIC!<\/b><\/span><\/span><\/h1>\n<p><img decoding=\"async\" loading=\"lazy\" class=\"alignnone size-medium wp-image-17750 aligncenter\" src=\"https:\/\/khachhang.webrt.vn\/phong\/ali\/wp-content\/uploads\/2020\/08\/toeic-700-min-667x400.png\" alt=\"\" width=\"667\" height=\"400\" srcset=\"https:\/\/truonganhngu.mauthemewp.com\/wp-content\/uploads\/2020\/08\/toeic-700-min-667x400.png 667w, https:\/\/truonganhngu.mauthemewp.com\/wp-content\/uploads\/2020\/08\/toeic-700-min-768x461.png 768w, https:\/\/truonganhngu.mauthemewp.com\/wp-content\/uploads\/2020\/08\/toeic-700-min-1333x800.png 1333w, https:\/\/truonganhngu.mauthemewp.com\/wp-content\/uploads\/2020\/08\/toeic-700-min.png 1800w\" sizes=\"(max-width: 667px) 100vw, 667px\" \/><\/p>\n<h2><span style=\"color: #000000; font-size: 80%;\"><strong>\u25baKHO\u00c1 H\u1eccC PRE TOEIC \u2013 D\u00c0NH CHO NG\u01af\u1edcI M\u1edaI B\u1eaeT \u0110\u1ea6U &#8211; C\u00d9NG M\u1ee8C H\u1eccC PH\u00d9 H\u1ee2P V\u1edaI SINH VI\u00caN T\u1ea0I H\u00c0 N\u1ed8I !<\/strong><\/span><\/h2>\n<p><span style=\"color: #000000;\">Kh\u00f3a h\u1ecdc PRE TOEIC \u0111\u01b0\u1ee3c thi\u1ebft k\u1ebf nh\u1eb1m gi\u00fap c\u00e1c b\u1ea1n h\u1ecdc vi\u00ean c\u00f3 \u0111\u01b0\u1ee3c nh\u1eefng ki\u1ebfn th\u1ee9c c\u01a1 b\u1ea3n v\u00e0 n\u1ec1n t\u1ea3ng t\u1eeb \u0111\u00f3 t\u1ea1o \u0111\u00e0 n\u00e2ng cao \u0111i\u1ec3m thi 1 c\u00e1ch nhanh ch\u00f3ng. K\u1ebft th\u00fac kh\u00f3a h\u1ecdc, h\u1ecdc vi\u00ean c\u00f3 th\u1ec3 \u0111\u1ea1t \u0111i\u1ec3m Toeic 350+.<\/span><\/p>\n<p><span style=\"color: #282828;\">+ READING: C\u1ee7ng c\u1ed1 ki\u1ebfn th\u1ee9c ng\u1eef ph\u00e1p trong b\u00e0i thi TOEIC <\/span><br><span style=\"color: #282828;\">+ LISTENING: T\u1eadp trung ch\u1ee7 y\u1ebfu v\u00e0o c\u1ea5u tr\u00fac v\u00e0 m\u1eb9o l\u00e0m \u0111\u1ec1 TOEIC LC (Part 1,2) <\/span><br><span style=\"color: #282828;\">+ Ng\u1eafn g\u1ecdn trong 6 bu\u1ed5i Reading v\u00e0 6 bu\u1ed5i Listening nh\u01b0ng b\u1ed5 tr\u1ee3 ki\u1ebfn th\u1ee9c ph\u00f9 h\u1ee3p.<\/span><br><span style=\"color: #282828;\">+ Hi\u1ec3u r\u00f5 c\u1ea5u tr\u00fac b\u00e0i thi TOEIC v\u1edbi gi\u00e1o tr\u00ecnh \u0111\u01b0\u1ee3c ALITIC bi\u00ean so\u1ea1n t\u1eeb gi\u00e1o tr\u00ecnh&nbsp; theo format m\u1edbi 2020.<\/span><br><span style=\"color: #282828;\">+ H\u1ecdc c\u00e1ch ph\u00e2n t\u00edch y\u00eau c\u1ea7u t\u1eebng ph\u1ea7n c\u1ee7a b\u00e0i thi TOEIC r\u00f5 r\u00e0ng v\u00e0 d\u1ec5 hi\u1ec3u. <\/span><br><span style=\"color: #282828;\">+ Luy\u1ec7n t\u1eadp c\u00e1c chi\u1ebfn l\u01b0\u1ee3c l\u00e0m b\u00e0i thi TOEIC hi\u1ec7u qu\u1ea3. <\/span><br><span style=\"color: #282828;\">+ C\u00e1c TIP c\u1ef1c hay nh\u1eb1m \u0111\u1ea1t \u0111i\u1ec3m t\u1ed1i \u0111a trong c\u1ea3 2 ph\u1ea7n Reading &amp; Listening \u0111\u01b0\u1ee3c nghi\u00ean c\u1ee9u v\u00e0 ph\u00e1t tri\u1ec3n v\u1edbi ALITIC.<\/span><\/p>\n<p><iframe loading=\"lazy\" title=\"Kh\u00f3a h\u1ecdc Toeic c\u1ee7a Alibaba ch\u1ea5t l\u01b0\u1ee3ng th\u1ebf n\u00e0o? l C\u1ea2M NH\u1eacN H\u1eccC VI\u00caN\" width=\"1020\" height=\"765\" src=\"https:\/\/www.youtube.com\/embed\/jfoddGtgRxU?feature=oembed\" frameborder=\"0\" allow=\"accelerometer; autoplay; clipboard-write; encrypted-media; gyroscope; picture-in-picture\" allowfullscreen><\/iframe><\/p>\n<h2><span style=\"font-size: 80%;\"><strong><span style=\"color: #000000;\">\u25baTH\u1edcI L\u01af\u1ee2NG KH\u00d3A H\u1ecc<\/span><\/strong><\/span><span style=\"font-size: 80%;\"><strong><span style=\"color: #000000;\">C PRE TOEIC<\/span><\/strong><\/span><\/h2>\n<p><span style=\"color: #282828;\">-&gt; 12 bu\u1ed5i h\u1ecdc ch\u00ednh \u2013 1,5h\/bu\u1ed5i h\u1ecdc <\/span><br><span style=\"color: #282828;\">-&gt; 1 tu\u1ea7n h\u1ecdc 2 bu\u1ed5i 2,5; 3,6 ho\u1eb7c 4,Ch\u1ee7 nh\u1eadt <\/span><br><span style=\"color: #282828;\">-&gt; H\u1ecdc vi\u00ean \u0111\u01b0\u1ee3c h\u1ecdc b\u00f9, chuy\u1ec3n l\u1edbp n\u1ebfu trong qu\u00e1 tr\u00ecnh h\u1ecdc c\u00f3 v\u01b0\u1edbng b\u1eadn v\u1ec1 th\u1eddi gian, Alitic s\u1ebd lu\u00f4n t\u1ea1o \u0111i\u1ec1u ki\u1ec7n \u0111\u1ec3 h\u1ecdc vi\u00ean ho\u00e0n th\u00e0nh h\u1ebft kh\u00f3a h\u1ecdc. <\/span><br><span style=\"color: #282828;\">-&gt; H\u1ecdc vi\u00ean s\u1edf h\u1eefu \u0111i\u1ec3m s\u1ed1 mong mu\u1ed1n sau khi ho\u00e0n th\u00e0nh kh\u00f3a h\u1ecdc!<\/span><\/p>\n<h2><span style=\"font-size: 80%;\"><strong><span style=\"color: #000000;\">\u25baH\u1eccC PH\u00cd KH\u00d3A H\u1eccC TOEIC<\/span><\/strong><\/span><\/h2>\n<p><span style=\"color: #000000;\">+ H\u1ecdc ph\u00ed kh\u00f3a h\u1ecdc s\u1ebd l\u00e0<\/span><span style=\"color: #ed1c24; font-size: 110%;\">&nbsp;<strong>2.000.000\u0111<\/strong><\/span><span style=\"color: #282828;\"><br><\/span><\/p>\n<table style=\"width: 100%; background-color: #ffd000;\">\n<tbody>\n<tr>\n<td style=\"width: 100%;\">\n<h3 style=\"text-align: center;\"><span style=\"font-size: 12px;\"><span style=\"color: #000000;\"><strong><span style=\"color: #ed1c24; font-size: 16px;\">\u0110\u1eb6C BI\u1ec6T<\/span><br><\/strong><span style=\"font-size: 15px;\"><strong>-&gt; L\u1ed8 TR\u00ccNH TOEIC CHU\u1ea8N \u0110\u1ea6U RA 700+&nbsp; GI\u1ea2M<span style=\"color: #ed1c24; font-size: 18px;\"> 2500K (<a href=\"https:\/\/khachhang.webrt.vn\/phong\/ali\/khoa-hoc-toeic-flyer-700\">LINK)<\/a><\/span><\/strong><\/span><\/span><\/span><strong style=\"font-size: 11px; font-family: inherit;\"><span style=\"color: #000000;\"><br><\/span><\/strong><\/h3>\n<\/td>\n<\/tr>\n<\/tbody>\n<\/table>\n<p><span style=\"color: #282828;\"><strong>-&gt; GI\u1ea2M TI\u1ebeP NGAY:<br><\/strong><strong>\u2013 150K<\/strong>\/nh\u00f3m n\u1ebfu \u0111\u0103ng k\u00fd theo nh\u00f3m 3 ng\u01b0\u1eddi.<\/span><br><span style=\"color: #282828;\"> \u2013&nbsp;<strong>300K<\/strong>\/nh\u00f3m n\u1ebfu \u0111\u0103ng k\u00fd theo nh\u00f3m 4 ng\u01b0\u1eddi.<\/span><br><span style=\"color: #282828;\"> \u2013&nbsp;<strong>500K<\/strong>\/nh\u00f3m n\u1ebfu \u0111\u0103ng k\u00fd theo nh\u00f3m 5 ng\u01b0\u1eddi tr\u1edf l\u00ean.<\/span><\/p>\n<h2><span style=\"font-size: 80%;\"><strong><span style=\"color: #000000;\">\u25ba V\u1ec0 KH\u00d3A H\u1eccC TOEIC<\/span><\/strong><\/span><\/h2>\n<p><span style=\"color: #000000;\">+ Tr\u01b0\u1edbc khi b\u1eaft \u0111\u1ea7u h\u1ecdc kh\u00f3a TOEIC, Alitic s\u1ebd cho b\u1ea1n b\u00e0i TEST ki\u1ec3m tra tr\u00ecnh \u0111\u1ed9 hi\u1ec7n t\u1ea1i nh\u1eb1m \u0111\u01b0a ra c\u00e1c ph\u01b0\u01a1ng ph\u00e1p h\u1ecdc ph\u00f9 h\u1ee3p sao cho b\u1ea1n \u0111\u1ea1t \u0111\u01b0\u1ee3c \u0111i\u1ec3m s\u1ed1 mong mu\u1ed1n trong k\u00ec thi.<\/span><br><span style=\"color: #ed1c24;\">+ B\u1ea1n c\u00f3 th\u1ec3 \u0111\u1ea1t \u0111\u1ea7u ra t\u1ed1i thi\u1ec3u 500+ Toeic, v\u00e0 n\u1ebfu nh\u01b0 kh\u00f4ng \u0111\u1ea1t \u0111\u01b0\u1ee3c, Alitic s\u1ebd h\u1ed7 tr\u1ee3 b\u1ea1n h\u1ecdc l\u1ea1i cho \u0111\u1ebfn khi thi \u0111\u1ea1t \u0111\u01b0\u1ee3c Toeic 500+.<\/span><\/p>\n<h2><span style=\"font-size: 80%;\"><strong><span style=\"color: #000000;\">\u25ba\u0110\u1ed8I NG\u0168 GI\u1ea2NG VI\u00caN KH\u00d3A TOEIC<\/span><\/strong><\/span><\/h2>\n<p><span style=\"color: #000000;\">+ \u0110\u1ed9i ng\u0169 gi\u1ea3ng vi\u00ean gi\u00e0u kinh nghi\u1ec7m v\u00e0 c\u00f3 chuy\u00ean m\u00f4n cao v\u1edbi b\u1eb1ng TOEIC \u0111\u1ea1t t\u1ed1i thi\u1ec3u <strong><span style=\"font-size: 105%; color: #ed1c24;\">950+<\/span><\/strong> s\u1ebd l\u00e0 ng\u01b0\u1eddi h\u01b0\u1edbng d\u1eabn tuy\u1ec7t v\u1eddi nh\u1ea5t d\u00e0nh cho c\u00e1c b\u1ea1n.<\/span><\/p>\n<p><span style=\"color: #282828;\">+ V\u1edbi <span style=\"color: #ed1c24;\">2 Gi\u1ea3ng Vi\u00ean<\/span> v\u00e0 ch\u1ec9 <span style=\"color: #ed1c24;\">25 h\u1ecdc vi\u00ean\/l\u1edbp.<\/span> H\u1ecdc vi\u00ean s\u1ebd \u0111\u01b0\u1ee3c h\u1ed7 tr\u1ee3 s\u00e1t sao.<\/span><\/p>\n<p><span style=\"color: #000000;\">+ Nhi\u1ec7t t\u00ecnh v\u00e0 theo d\u00f5i s\u00e1t sao c\u0169ng nh\u01b0 \u0111\u1ed3ng h\u00e0nh c\u00f9ng v\u1edbi b\u1ea1n \u0111\u1ebfn khi xong kh\u00f3a h\u1ecdc v\u00e0 t\u01b0 v\u1ea5n cho b\u1ea1n khi b\u1eaft \u0111\u1ea7u \u0111\u0103ng k\u00ed thi TOEIC.<\/span><\/p>\n<p><img decoding=\"async\" loading=\"lazy\" class=\" wp-image-18027 aligncenter\" src=\"https:\/\/khachhang.webrt.vn\/phong\/ali\/wp-content\/uploads\/2020\/09\/IMG_1224-781x400.jpg\" alt=\"\" width=\"638\" height=\"327\" srcset=\"https:\/\/truonganhngu.mauthemewp.com\/wp-content\/uploads\/2020\/09\/IMG_1224-781x400.jpg 781w, https:\/\/truonganhngu.mauthemewp.com\/wp-content\/uploads\/2020\/09\/IMG_1224-768x393.jpg 768w, https:\/\/truonganhngu.mauthemewp.com\/wp-content\/uploads\/2020\/09\/IMG_1224-1400x717.jpg 1400w\" sizes=\"(max-width: 638px) 100vw, 638px\" \/><\/p>\n<h2><span style=\"font-size: 80%;\"><strong><span style=\"color: #000000;\">\u25baK\u1ebeT QU\u1ea2 H\u1eccC VI\u00caN<\/span><\/strong><\/span><\/h2>\n<p><img decoding=\"async\" loading=\"lazy\" class=\"size-medium wp-image-18145 aligncenter\" src=\"https:\/\/khachhang.webrt.vn\/phong\/ali\/wp-content\/uploads\/2020\/09\/Minh-Minh-TK07-1-767x400.jpg\" alt=\"\" width=\"767\" height=\"400\" srcset=\"https:\/\/truonganhngu.mauthemewp.com\/wp-content\/uploads\/2020\/09\/Minh-Minh-TK07-1-767x400.jpg 767w, https:\/\/truonganhngu.mauthemewp.com\/wp-content\/uploads\/2020\/09\/Minh-Minh-TK07-1-768x400.jpg 768w, https:\/\/truonganhngu.mauthemewp.com\/wp-content\/uploads\/2020\/09\/Minh-Minh-TK07-1-1400x730.jpg 1400w, https:\/\/truonganhngu.mauthemewp.com\/wp-content\/uploads\/2020\/09\/Minh-Minh-TK07-1.jpg 1793w\" sizes=\"(max-width: 767px) 100vw, 767px\" \/><\/p>\n<p><\/p>\n<h2><span style=\"font-size: 80%;\"><strong><span style=\"color: #000000;\">\u25baTH\u01af\u1edeNG KHI \u0110\u1ea0T M\u1ed0C \u0110I\u1ec2M TRONG KH\u00d3A H\u1eccC TOEIC<\/span><\/strong><\/span><\/h2>\n<p>+ Nh\u1eb1m khuy\u1ebfn kh\u00edch tinh th\u1ea7n h\u1ecdc t\u1eadp c\u1ee7a b\u1ea1n Alitic xin t\u1eb7ng b\u1ea1n ph\u1ea7n th\u01b0\u1edfng ngay khi \u0111\u1ea1t \u0111\u01b0\u1ee3c c\u00e1c m\u1ed1c \u0111i\u1ec3m nh\u1ea5t \u0111\u1ecbnh.&nbsp;C\u1ee5 th\u1ec3:<br><span style=\"color: #ed1c24;\"><strong>+&nbsp;Th\u01b0\u1edfng ngay 200.000 khi \u0111\u1ea1t \u0111\u01b0\u1ee3c m\u1ed1c \u0111i\u1ec3m 700+<br><\/strong><strong>+&nbsp;Th\u01b0\u1edfng ngay 300.000 khi \u0111\u1ea1t \u0111\u01b0\u1ee3c m\u1ed1c \u0111i\u1ec3m 800+<br><\/strong><strong>+&nbsp;Th\u01b0\u1edfng ngay 400.000 khi \u0111\u1ea1t \u0111\u01b0\u1ee3c m\u1ed1c \u0111i\u1ec3m 850+<\/strong><\/span><\/p>\n<p><span style=\"color: #000000;\"><strong>\u25ba Sau khi \u0111\u0103ng k\u00fd, ALITIC s\u1ebd li\u00ean h\u1ec7 test \u0111\u1ea7u v\u00e0o x\u1ebfp l\u1edbp cho b\u1ea1n nh\u00e9 &nbsp;^^<\/strong><\/span><\/p>\n<p><span style=\"color: #000000;\"><strong>\u25baC\u00c1CH HO\u00c0N TH\u00c0NH H\u1eccC PH\u00cd:<\/strong><\/span><\/p>\n<p><span style=\"color: #000000;\"><strong>1: Tr\u1ef1c ti\u1ebfp:<br><\/strong><\/span><span style=\"font-size: 90%;\"><span style=\"color: #000000;\"><span style=\"color: #282828;\">C\u00e1c b\u1ea1n c\u00f3 th\u1ec3 qua v\u0103n ph\u00f2ng c\u1ee7a ALIBABA t\u1ea1i t\u1ea7ng&nbsp;<strong>5 s\u1ed1 186 \u0111\u01b0\u1eddng Gi\u1ea3i Ph\u00f3ng<\/strong>&nbsp;ho\u1eb7c s\u1ed1 <strong>1 Ng\u00f5 243 Tr\u1ea7n Qu\u1ed1c Ho\u00e0n<\/strong>&nbsp;<strong>&#8211; C\u1ea7u Gi\u1ea5y<\/strong> \u0111\u1ec3 gi\u1eef ch\u1ed7 v\u00e0 \u0111\u01b0\u1ee3c t\u01b0 v\u1ea5n mi\u1ec5n ph\u00ed.<\/span><\/span><\/span><br><span style=\"color: #000000;\"><strong>2: Chuy\u1ec3n Kho\u1ea3n:<br><\/strong>T\u00ean Ch\u1ee7 TK:<strong>&nbsp;DINH THI LY<\/strong>&nbsp;\u2013 NG\u00c2N H\u00c0NG <strong>TP BANK<\/strong><br>STK: 03142609001&nbsp; \u2013 Chi nh\u00e1nh H\u00e0 N\u1ed9i<br>N\u1ed9i dung Chuy\u1ec3n Kho\u1ea3n: <strong>T\u00caN + L\u1edaP + S\u0110T<\/strong><br><\/span><\/p>\n<p><span style=\"color: #000000;\"><strong>&nbsp;\u2014\u2014\u2014\u2014\u2014\u2014\u2013<\/strong><\/span><\/p>\n<p><span style=\"color: #000000;\">\u25ba<strong> LI\u00caN H\u1ec6 V\u1edaI CH\u00daNG T\u00d4I:<\/strong><\/span><br><span style=\"color: #000000;\">Hotline<strong>: 02422391999&nbsp;<\/strong>t\u1eeb&nbsp;<strong>8h00 \u0111\u1ebfn 21h00 th\u1ee9 2 -&gt; th\u1ee9 7&nbsp;<\/strong>h\u00e0ng tu\u1ea7n<\/span><br><span style=\"color: #0000ff;\"><strong>&gt;&gt;&gt;<a style=\"color: #0000ff;\" href=\"https:\/\/www.facebook.com\/groups\/AlibabaEnglishClub\/\"> Tham Gia c\u1ed9ng \u0111\u1ed3ng ALIBABA v\u1edbi 75 ngh\u00ecn th\u00e0nh vi\u00ean tr\u00ean FACEBOOK \u0111\u1ec3 nh\u1eadn nh\u1eefng ngu\u1ed3n t\u00e0i li\u1ec7u ti\u1ebfng Anh h\u1eefu \u00edch nh\u00e9 !&nbsp;<\/a><\/strong><\/span><\/p>\n<p><span style=\"color: #000000;\"><strong>\u25baC\u00c1C B\u1ea0N \u0110\u0102NG K\u00dd V\u00c0 CH\u1eccN L\u1edaP \u1ede \u0110\u00c2Y \u1ea0:<\/strong><\/span><\/p>\n\n\n<iframe src=\"https:\/\/alibaba.eduto.net\/pages\/registers\/dang-ki-khoa-hoc-pre-toeic-350?page_type=iframe\" style=\"width:100%!important;height:800px!important;border: none!important;\" title=\"\u0110\u0103ng k\u00ed kh\u00f3a h\u1ecdc Pre Toeic 350\">\n<\/iframe>\n","protected":false},"excerpt":{"rendered":"<p>ALITIC &#8211; H\u1eccC L\u00c0 QUA TOEIC! \u25baKHO\u00c1 H\u1eccC PRE TOEIC \u2013 D\u00c0NH CHO NG\u01af\u1edcI M\u1edaI B\u1eaeT \u0110\u1ea6U &#8211; C\u00d9NG M\u1ee8C H\u1eccC PH\u00d9 H\u1ee2P V\u1edaI SINH VI\u00caN T\u1ea0I H\u00c0 N\u1ed8I ! Kh\u00f3a h\u1ecdc PRE TOEIC \u0111\u01b0\u1ee3c thi\u1ebft k\u1ebf nh\u1eb1m gi\u00fap c\u00e1c b\u1ea1n h\u1ecdc vi\u00ean c\u00f3 \u0111\u01b0\u1ee3c nh\u1eefng ki\u1ebfn th\u1ee9c c\u01a1 b\u1ea3n v\u00e0 n\u1ec1n t\u1ea3ng t\u1eeb \u0111\u00f3 [&#8230;]\n","protected":false},"author":1,"featured_media":0,"parent":0,"menu_order":0,"comment_status":"closed","ping_status":"closed","template":"page-right-sidebar.php","meta":[],"yst_prominent_words":[],"_links":{"self":[{"href":"https:\/\/truonganhngu.mauthemewp.com\/index.php?rest_route=\/wp\/v2\/pages\/17969"}],"collection":[{"href":"https:\/\/truonganhngu.mauthemewp.com\/index.php?rest_route=\/wp\/v2\/pages"}],"about":[{"href":"https:\/\/truonganhngu.mauthemewp.com\/index.php?rest_route=\/wp\/v2\/types\/page"}],"author":[{"embeddable":true,"href":"https:\/\/truonganhngu.mauthemewp.com\/index.php?rest_route=\/wp\/v2\/users\/1"}],"replies":[{"embeddable":true,"href":"https:\/\/truonganhngu.mauthemewp.com\/index.php?rest_route=%2Fwp%2Fv2%2Fcomments&post=17969"}],"version-history":[{"count":13,"href":"https:\/\/truonganhngu.mauthemewp.com\/index.php?rest_route=\/wp\/v2\/pages\/17969\/revisions"}],"predecessor-version":[{"id":21296,"href":"https:\/\/truonganhngu.mauthemewp.com\/index.php?rest_route=\/wp\/v2\/pages\/17969\/revisions\/21296"}],"wp:attachment":[{"href":"https:\/\/truonganhngu.mauthemewp.com\/index.php?rest_route=%2Fwp%2Fv2%2Fmedia&parent=17969"}],"wp:term":[{"taxonomy":"yst_prominent_words","embeddable":true,"href":"https:\/\/truonganhngu.mauthemewp.com\/index.php?rest_route=%2Fwp%2Fv2%2Fyst_prominent_words&post=17969"}],"curies":[{"name":"wp","href":"https:\/\/api.w.org\/{rel}","templated":true}]}}